 q be (-4)/(-4 + 3 + -1). Let b be 76/q - (3 - 4). What is the highest common factor of b and r?
13
Let p be (-6)/10*10/(-2). Suppose 0 = p*n + 3*f - 276, n + 2*f - 65 - 31 = 0. Calculate the greatest common factor of 11 and n.
11
Let k = -26 + 29. Suppose 22 = x + x. Let p = x - -13. What is the greatest common factor of p and k?
3
Suppose -3*c = -5*d + 3, 3*c + 4*d = c - 2. Let n be (-39)/(-3) - 0/c. What is the greatest common factor of n and 13?
13
Let r = 2 - 5. Let q be -70*r/(-6)*-2. What is the highest common divisor of q and 14?
14
Let r(d) = d**3 - 5*d**2 + 6*d - 16. Let l be r(5). What is the greatest common divisor of l and 182?
14
Suppose 2*t = -t + 75. Suppose 2*w + 5*s - t = w, 0 = -2*s - 8. What is the greatest common factor of w and 9?
9
Let r = -9 + 61. What is the greatest common divisor of r and 65?
13
Suppose -66*k - 1484 = -70*k. Calculate the highest common divisor of 53 and k.
53
Let u be (-5 - -1) + 0 - -5. Let g be ((-1)/2)/((-1)/2). Calculate the highest common divisor of u and g.
1
Let f be -2 - ((-26 - 1) + 3). Let c = f - 9. What is the greatest common divisor of c and 91?
13
Suppose 2*x + 4 = 0, 3 = -t - 5*x - 0. Let q(c) = -c**2 + 7*c + 3. Let i be q(t). What is the highest common divisor of i and 6?
3
Let n be (-3)/(12/(-278)) - (-21)/(-42). Calculate the highest common factor of n and 23.
23
Let f be -1*((-1 - 30) + 1). What is the greatest common divisor of f and 270?
30
Let k(y) = y**3 - y**2 + 5. Suppose o = 5*o. Let v be k(o). Let t be (-4)/(-5) + 1/v. What is the highest common divisor of t and 3?
1
Let y be 9/6*14/3. Let v = y - 4. Calculate the greatest common divisor of v and 3.
3
Suppose 135 = 9*u - 0. What is the highest common divisor of u and 75?
15
Let f = 471 + -282. Calculate the greatest common factor of 21 and f.
21
Let p = 13 + -3. Let g(r) = 81*r - 1. Let h be g(1). What is the highest common factor of p and h?
10
Suppose -5*y + 595 = -5*w, -2*w - 471 = 2*w - 3*y. Let v = w + 210. What is the greatest common factor of v and 16?
16
Suppose 0 = 5*m - 5, 0 = -3*y - 5*m + 82 + 100. Let f = y - 35. Let c be (-648)/189*(-7)/2. What is the highest common divisor of f and c?
12
Let m(q) = -q**2 - 8*q - 3. Let b be m(-5). Let r = 22 - b. Let s be (1 - 3)/(r/(-175)). Calculate the greatest common factor of 14 and s.
7
Let n = 12 - 22. Let r = -3 - n. Calculate the highest common divisor of 56 and r.
7
Suppose 5*y - 40 = -3*u, 13 = 3*y + 2*u + 2*u. Suppose a = -0*a + 110. Calculate the greatest common divisor of y and a.
11
Let o(j) = -j**3 + j + 32. Let y be o(0). What is the greatest common divisor of y and 8?
8
Let q(n) be the second derivative of n**5/20 + 7*n**4/12 + 7*n**3/6 - n**2 - 7*n. Let j be q(-5). Calculate the highest common factor of j and 13.
13
Suppose 9 - 2 = i + 2*a, 0 = -2*i - a + 14. What is the greatest common divisor of i and 35?
7
Suppose -7*i = -6*i - 3. Let j be 133 + 7 - i*-1. What is the highest common divisor of 13 and j?
13
Let v(a) = -3*a**3 - 4*a**2 + 2*a - 8. Let i be v(-4). What is the greatest common factor of 16 and i?
16
Let p be (-16)/(-10) + 4/10. Let r(t) = t**2 + 3. Let z be r(0). Suppose 10 = z*a - 2*a. What is the greatest common factor of p and a?
2
Let f be (-6 + (4 - 2))*-14. Let x = 45 - 38. Calculate the highest common divisor of x and f.
7
Let a(j) = -2*j**2 - 8*j + 32. Let t be a(-6). Let w = 6 + -2. Let z be (-2)/w + (-5)/(-2). Calculate the highest common factor of t and z.
2
Suppose -2*o - 4 = -o, 0 = -2*y + 4*o + 22. Suppose -4*s + y*q + 67 = -26, -s + 22 = -2*q. Calculate the greatest common divisor of 264 and s.
24
Let j(v) = 11*v - 1. Let z be j(3). Let c = -8 - -12. What is the greatest common divisor of z and c?
4
Suppose 5*q + 195 = 2*c, -121 = 4*c + 2*q - 547. Suppose 7*n - c = 2*n. What is the greatest common factor of n and 7?
7
Let f(j) = j**3 - 4*j**2 - 14*j + 13. Let l be f(6). Calculate the greatest common divisor of l and 4.
1
Suppose q + 26 + 100 = 2*x, 4*x + q - 258 = 0. Calculate the greatest common factor of x and 16.
16
Let p(j) = j**2 + 4*j + 3. Let q be p(-6). Let b(d) = 2*d**2 + 2*d + 5. Let v be b(-5). Calculate the greatest common divisor of q and v.
15
Suppose 0 = 5*m - 0*m - 220. Let x(q) = -q**2 + 9*q - 3. Let h be x(7). What is the greatest common divisor of m and h?
11
Suppose 2*o + 10 = -0*o. Let q be (-1)/o - (-24)/5. Suppose 0 = q*d - 5, -85 = -u - 3*u + 3*d. What is the highest common factor of u and 66?
22
Let p be (-1 + 4 + 0)*-1. Let g be (-2)/(-4) + p/6. Suppose 4*f + 12 = g, o + f = -2*o. Calculate the greatest common factor of 3 and o.
1
Let u(b) = -b**2 + 7*b - 4. Let f = 6 + 0. Let g be u(f). Let n be g*(27/6 - -1). Calculate the highest common divisor of n and 121.
11
Let n be (-25)/(-2) + (-5)/10. Let t be (-8)/n + 292/6. What is the greatest common divisor of 32 and t?
16
Let h(y) = y - 2. Let k be h(3). Suppose -k = -3*s + 11. Suppose 5*i = -s*z + 32, -3*i - 6 = -4*z - 38. What is the highest common divisor of i and 40?
8
Suppose -12*u + 70 = -11*u. Suppose -14 = 5*o - 4, 0 = -5*p - 4*o + 42. Calculate the highest common divisor of p and u.
10
Let u be ((-3)/(-1))/(51/(-30) + 2). What is the highest common factor of u and 5?
5
Suppose -13 = -2*t + 17. What is the greatest common factor of t and 15?
15
Suppose -62 + 20 = -6*q. What is the greatest common divisor of 49 and q?
7
Let j = 12 + -7. Suppose 290 = j*y - 95. Calculate the highest common divisor of y and 7.
7
Let b(u) = u - 8. Let v be b(5). Let w(s) = -2*s**3 - 5*s**2 - s + 4. Let l be w(v). Let r = l - -16. Calculate the highest common divisor of 4 and r.
4
Let k(w) = -2*w + 10. Let f be k(-14). Calculate the greatest common factor of 38 and f.
38
Suppose -60 + 24 = -3*i. What is the greatest common divisor of i and 84?
12
Let x = -3 - -4. Let j(r) = 4*r + 1. Let v be j(x). Let p be (-537)/(-12) + 2/8. What is the greatest common divisor of p and v?
5
Let p(c) = 2*c + 17. Let x be p(0). Calculate the greatest common factor of x and 17.
17
Suppose -d - 57 = -5*f - 0*d, -2*f = -d - 24. Suppose 4*s + m + 12 = 0, 2*m + 3*m = -s - 3. Let j = f + s. Calculate the highest common divisor of j and 2.
2
Suppose 4*h = -h + 15. Suppose 2*k + 2*k - h*i - 135 = 0, -k - i + 25 = 0. Let s = 90 - 45. Calculate the greatest common factor of s and k.
15
Suppose -3*o - 45 = -3*d - 6*o, -5*d = -o - 57. Suppose -2*z = -3*c + 115 + 203, 0 = -c - 5*z + 123. Calculate the greatest common factor of c and d.
12
Let q = 146 + 6. Calculate the greatest common factor of q and 38.
38
Let h = -24 + 46. What is the highest common divisor of 110 and h?
22
Suppose -24 = -13*j + 15. What is the highest common factor of j and 1?
1
Let v be (6 - (3 - 0)) + -6. Let k(p) = p**2. Let q be k(v). Suppose -40 = -3*t + 2*r, -4*t + r = q - 54. What is the greatest common factor of t and 40?
10
Let w = 23 + 57. Calculate the greatest common factor of 10 and w.
10
Let m = -14 + 26. Calculate the greatest common factor of 72 and m.
12
Let c = -13 + 19. Calculate the greatest common divisor of c and 66.
6
Let r(p) = 3*p - 2. Let z be r(6). What is the greatest common divisor of 48 and z?
16
Suppose 3*d = 4*d - 164. Let c = d - -25. What is the highest common divisor of c and 21?
21
Let s = -122 + 132. Suppose -w + 2*w - 20 = 0. Calculate the highest common divisor of s and w.
10
Suppose -d - 63 = -2*i, 5*i - 2*d = 111 + 45. What is the highest common factor of i and 120?
30
Suppose -2*t - 2*t = 24. Let g(b) = 3*b - 8*b - 2 - 7. Let n be g(t). What is the greatest common factor of n and 14?
7
Let p(v) = v**2 + 3*v + 3. Suppose 0 = 2*h - 0*h + 8. Let y be p(h). Calculate the greatest common divisor of y and 1.
1
Let p(a) = -a - 2. Let s be p(-4). Suppose -47 = -2*o + o - 3*l, 3*l = -s*o + 79. Let q = -7 - -23. What is the highest common divisor of q and o?
16
Suppose 2*d - 32 - 22 = 3*t, 0 = -2*t. Suppose -n + 10 = 4*n. Suppose -c = -n*c + 18. Calculate the highest common factor of d and c.
9
Suppose 5*q - 155 = -5*v, 8*q - 3*q = 3*v - 61. What is the greatest common divisor of 45 and v?
9
Let l be (21 - -1)/(1/(-4)). Let i = l + 151. What is the greatest common divisor of 7 and i?
7
Let l(m) = m**3 - 4*m**2 - 4*m + 5. Let x be l(5). Let d = 24 - 9. Calculate the highest common factor of d an